{"id":375,"date":"2021-07-13T15:35:44","date_gmt":"2021-07-13T13:35:44","guid":{"rendered":"https:\/\/xn--cnov-bpad.com\/?page_id=375"},"modified":"2021-07-13T15:40:31","modified_gmt":"2021-07-13T13:40:31","slug":"la-creatrice","status":"publish","type":"page","link":"https:\/\/xn--cnov-bpad.com\/index.php\/la-creatrice\/","title":{"rendered":"La cr\u00e9atrice"},"content":{"rendered":"\n<h3 class=\"wp-block-heading\"><strong>V\u00e9ronique Delorme<\/strong>, mon m\u00e9tier, mon parcours, ma singularit\u00e9<\/h3>\n\n\n\n<p><strong>Ma raison d&#8217;\u00eatre&nbsp;<\/strong>: &nbsp;<strong>partager<\/strong>, <strong>donner du sens<\/strong> pour inspirer, \u00eatre curieuse&nbsp;des autres, <strong>transmettre<\/strong> mes exp\u00e9riences&nbsp;cr\u00e9atives et faire rencontrer des professionnels du monde artistique, du monde animal, du monde du mieux \u00eatre&nbsp;qui m&#8217;ont permis de d\u00e9passer des \u00e9preuves personnelles.<\/p>\n\n\n\n<p>Mes \u00e9tudes en tourisme m&#8217;ont dot\u00e9 de connaissances en&nbsp; histoire de l&#8217;art, en relation publique et organisation de voyages. <\/p>\n\n\n\n<p>Durant 30 ans j&#8217;ai travaill\u00e9 au coeur d&#8217;un PME familiale (400 salari\u00e9s). J&#8217;y ai exerc\u00e9 plusieurs missions de conception : du service commercial au service communication. <\/p>\n\n\n\n<p>Parall\u00e8lement j&#8217;ai particip\u00e9 \u00e0 la cr\u00e9ation d&#8217;un th\u00e9\u00e2tre de verdure en bord de Vienne. Pendant plusieurs ann\u00e9es j&#8217;ai c\u00f4toy\u00e9 et collabor\u00e9 avec des Artistes ( chor\u00e9graphe, costumier, metteur en sc\u00e8ne..)<br>Une rencontre avec un professionnel d&#8217;art dramatique dans un atelier th\u00e9\u00e2tre me r\u00e9v\u00e8le un potentiel de cr\u00e9ativit\u00e9.<\/p>\n\n\n\n<p>Forte de ces exp\u00e9riences, j&#8217;ai continu\u00e9 \u00e0 me former en communication et ai cr\u00e9\u00e9 parall\u00e8lement \u00e0 mon travail en entreprise, une soci\u00e9t\u00e9 : la S\u00e8ve, qui&nbsp;organisait&nbsp;des \u00e9v\u00e8nements culturels, artistiques et des projets de team building sur le territoire National de 1995 \u00e0 2019.\u200b<\/p>\n\n\n\n<p>Ma curiosit\u00e9 et ma capacit\u00e9 d&#8217;adaptation me poussent&nbsp;\u00e0 toujours explorer, exp\u00e9rimenter, innover dans la r\u00e9alisation de mes projets.<br>Tout mon parcours professionnel est engag\u00e9 dans la satisfaction de ma client\u00e8le : r\u00e9pondre \u00e0 un besoin, comprendre les attentes et anticiper les demandes.<\/p>\n\n\n\n<p>Mes <a href=\"https:\/\/xn--cnov-bpad.com\/index.php\/les-prestations-phares\/\">prestations<\/a> sont r\u00e9alis\u00e9es gr\u00e2ce \u00e0 mes comp\u00e9tences de mise en sc\u00e8ne et d&#8217;organisation.<br>Elles offrent aux participants une ouverture et un \u00e9merveillement sur le monde qu&#8217;on ne sait plus regarder.<br>Mes clients disposent d&#8217;un interlocuteur unique tout le long de la prestation.<br>Je comprends leurs attentes car je suis issue du monde de l&#8217;entreprise.<\/p>\n\n\n\n<div style=\"height:40px\" aria-hidden=\"true\" class=\"wp-block-spacer\"><\/div>\n\n\n\n<div class=\"wp-block-buttons is-layout-flex wp-block-buttons-is-layout-flex\">\n<div class=\"wp-block-button is-style-fill\"><a class=\"wp-block-button__link has-white-color has-black-background-color has-text-color has-background no-border-radius\" href=\"http:\/\/xn--cnov-bpad.com\/index.php\/me-contacter\/\" target=\"_blank\" rel=\"noreferrer noopener\">vous souhaitez me contacter<\/a><\/div>\n<\/div>\n\n\n\n<div style=\"height:40px\" aria-hidden=\"true\" class=\"wp-block-spacer\"><\/div>\n\n\n\n<h4 class=\"has-medium-font-size wp-block-heading\">Quelques t\u00e9moignages de leur confiance<\/h4>\n\n\n\n<p class=\"has-small-font-size\">&#8220;[&#8230;]Conquis par ta passion communicative, par les saveurs cach\u00e9es d&#8217;un monde qu&#8217;on ne sait plus regarder, je t&#8217;ai suivi dans les premi\u00e8res propositions comme par exemple ressourcer une \u00e9quipe de commerciaux en les invitant \u00e0 la table d&#8217;un ch\u00e2telain, partager la passion du chocolat ou faire communiquer et s&#8217;\u00e9clater une \u00e9quipe au travers de jeux de neige ou d&#8217;une somptueuse d\u00e9couverte de la for\u00eat en raquette. <br>Je n&#8217;ai qu&#8217;un regret : que ces moments soient brefs et trop rares. Mais ils sont forts et vrais et vont droit au coeur de ceux qui se souviennent longtemps de les avoir partag\u00e9s. [&#8230;]&#8221;<\/p>\n\n\n\n<p style=\"font-size:10px\">GSF Orion, MD Directeur R\u00e9gional<\/p>\n\n\n\n<div style=\"height:40px\" aria-hidden=\"true\" class=\"wp-block-spacer\"><\/div>\n\n\n\n<p class=\"has-small-font-size\">&#8220;[&#8230;] C&#8217;est un r\u00e9el plaisir de travailler avec V\u00e9ronique Delorme. Sa conscience professionnelle est telle que je lui accorde toute ma confiance. Elle est pleinement investie dans la t\u00e2che qui lui est impartie et cible tr\u00e8s rapidement les objectifs de nos clients. Nous mettons en communs notre savoir faire au service de projets personnalis\u00e9s et intimistes. [&#8230;]&#8221;<\/p>\n\n\n\n<p style=\"font-size:10px\">Cirque Octave Singulier, Corinne Vogt Administratrice<\/p>\n","protected":false},"excerpt":{"rendered":"<p>V\u00e9ronique Delorme, mon m\u00e9tier, mon parcours, ma singularit\u00e9 Ma raison d&#8217;\u00eatre&nbsp;: &nbsp;partager, donner du sens pour inspirer, \u00eatre curieuse&nbsp;des autres, transmettre mes exp\u00e9riences&nbsp;cr\u00e9atives et faire &hellip; <\/p>\n","protected":false},"author":2,"featured_media":47,"parent":0,"menu_order":0,"comment_status":"closed","ping_status":"closed","template":"","meta":{"_monsterinsights_skip_tracking":false,"_monsterinsights_sitenote_active":false,"_monsterinsights_sitenote_note":"","_monsterinsights_sitenote_category":0,"footnotes":""},"class_list":["post-375","page","type-page","status-publish","has-post-thumbnail","hentry"],"yoast_head":"<!-- This site is optimized with the Yoast SEO plugin v24.9 - https:\/\/yoast.com\/wordpress\/plugins\/seo\/ -->\n<title>La cr\u00e9atrice - C\u00e9nov\u00e9 - cr\u00e9ation d&#039;\u00e9v\u00e8nements en nouvelle-aquitaine<\/title>\n<meta name=\"description\" content=\"C\u00e9nov\u00e9, c&#039;est d&#039;abord V\u00e9ronique Delorme. 30 ann\u00e9es d&#039;int\u00e9r\u00eat pour les arts en g\u00e9n\u00e9ral et la communication qui l&#039;ont men\u00e9e \u00e0 cr\u00e9er sa propre entreprise.\" \/>\n<meta name=\"robots\" content=\"index, follow, max-snippet:-1, max-image-preview:large, max-video-preview:-1\" \/>\n<link rel=\"canonical\" href=\"https:\/\/xn--cnov-bpad.com\/index.php\/la-creatrice\/\" \/>\n<meta property=\"og:locale\" content=\"fr_FR\" \/>\n<meta property=\"og:type\" content=\"article\" \/>\n<meta property=\"og:title\" content=\"La cr\u00e9atrice - C\u00e9nov\u00e9 - cr\u00e9ation d&#039;\u00e9v\u00e8nements en nouvelle-aquitaine\" \/>\n<meta property=\"og:description\" content=\"C\u00e9nov\u00e9, c&#039;est d&#039;abord V\u00e9ronique Delorme. 30 ann\u00e9es d&#039;int\u00e9r\u00eat pour les arts en g\u00e9n\u00e9ral et la communication qui l&#039;ont men\u00e9e \u00e0 cr\u00e9er sa propre entreprise.\" \/>\n<meta property=\"og:url\" content=\"https:\/\/xn--cnov-bpad.com\/index.php\/la-creatrice\/\" \/>\n<meta property=\"og:site_name\" content=\"C\u00e9nov\u00e9\" \/>\n<meta property=\"article:modified_time\" content=\"2021-07-13T13:40:31+00:00\" \/>\n<meta property=\"og:image\" content=\"https:\/\/xn--cnov-bpad.com\/wp-content\/uploads\/2021\/05\/Ve\u0301ronique-1290-NB-JPG-scaled-e1620315530796.jpg\" \/>\n\t<meta property=\"og:image:width\" content=\"1708\" \/>\n\t<meta property=\"og:image:height\" content=\"2211\" \/>\n\t<meta property=\"og:image:type\" content=\"image\/jpeg\" \/>\n<meta name=\"twitter:card\" content=\"summary_large_image\" \/>\n<meta name=\"twitter:label1\" content=\"Dur\u00e9e de lecture estim\u00e9e\" \/>\n\t<meta name=\"twitter:data1\" content=\"2 minutes\" \/>\n<script type=\"application\/ld+json\" class=\"yoast-schema-graph\">{\"@context\":\"https:\/\/schema.org\",\"@graph\":[{\"@type\":[\"WebPage\",\"ContactPage\"],\"@id\":\"https:\/\/xn--cnov-bpad.com\/index.php\/la-creatrice\/\",\"url\":\"https:\/\/xn--cnov-bpad.com\/index.php\/la-creatrice\/\",\"name\":\"La cr\u00e9atrice - C\u00e9nov\u00e9 - cr\u00e9ation d'\u00e9v\u00e8nements en nouvelle-aquitaine\",\"isPartOf\":{\"@id\":\"https:\/\/xn--cnov-bpad.com\/#website\"},\"primaryImageOfPage\":{\"@id\":\"https:\/\/xn--cnov-bpad.com\/index.php\/la-creatrice\/#primaryimage\"},\"image\":{\"@id\":\"https:\/\/xn--cnov-bpad.com\/index.php\/la-creatrice\/#primaryimage\"},\"thumbnailUrl\":\"https:\/\/xn--cnov-bpad.com\/wp-content\/uploads\/2021\/05\/Ve\u0301ronique-1290-NB-JPG-scaled-e1620315530796.jpg\",\"datePublished\":\"2021-07-13T13:35:44+00:00\",\"dateModified\":\"2021-07-13T13:40:31+00:00\",\"description\":\"C\u00e9nov\u00e9, c'est d'abord V\u00e9ronique Delorme. 30 ann\u00e9es d'int\u00e9r\u00eat pour les arts en g\u00e9n\u00e9ral et la communication qui l'ont men\u00e9e \u00e0 cr\u00e9er sa propre entreprise.\",\"breadcrumb\":{\"@id\":\"https:\/\/xn--cnov-bpad.com\/index.php\/la-creatrice\/#breadcrumb\"},\"inLanguage\":\"fr-FR\",\"potentialAction\":[{\"@type\":\"ReadAction\",\"target\":[\"https:\/\/xn--cnov-bpad.com\/index.php\/la-creatrice\/\"]}]},{\"@type\":\"ImageObject\",\"inLanguage\":\"fr-FR\",\"@id\":\"https:\/\/xn--cnov-bpad.com\/index.php\/la-creatrice\/#primaryimage\",\"url\":\"https:\/\/xn--cnov-bpad.com\/wp-content\/uploads\/2021\/05\/Ve\u0301ronique-1290-NB-JPG-scaled-e1620315530796.jpg\",\"contentUrl\":\"https:\/\/xn--cnov-bpad.com\/wp-content\/uploads\/2021\/05\/Ve\u0301ronique-1290-NB-JPG-scaled-e1620315530796.jpg\",\"width\":1708,\"height\":2211,\"caption\":\"V\u00e9ronique Delorme\"},{\"@type\":\"BreadcrumbList\",\"@id\":\"https:\/\/xn--cnov-bpad.com\/index.php\/la-creatrice\/#breadcrumb\",\"itemListElement\":[{\"@type\":\"ListItem\",\"position\":1,\"name\":\"Accueil\",\"item\":\"https:\/\/xn--cnov-bpad.com\/\"},{\"@type\":\"ListItem\",\"position\":2,\"name\":\"La cr\u00e9atrice\"}]},{\"@type\":\"WebSite\",\"@id\":\"https:\/\/xn--cnov-bpad.com\/#website\",\"url\":\"https:\/\/xn--cnov-bpad.com\/\",\"name\":\"C\u00e9nov\u00e9\",\"description\":\"Cr\u00e9ation d&#039;\u00e9v\u00e8nements singuliers immersifs en Nouvelle-Aquitaine\",\"publisher\":{\"@id\":\"https:\/\/xn--cnov-bpad.com\/#organization\"},\"potentialAction\":[{\"@type\":\"SearchAction\",\"target\":{\"@type\":\"EntryPoint\",\"urlTemplate\":\"https:\/\/xn--cnov-bpad.com\/?s={search_term_string}\"},\"query-input\":{\"@type\":\"PropertyValueSpecification\",\"valueRequired\":true,\"valueName\":\"search_term_string\"}}],\"inLanguage\":\"fr-FR\"},{\"@type\":\"Organization\",\"@id\":\"https:\/\/xn--cnov-bpad.com\/#organization\",\"name\":\"C\u00e9nov\u00e9\",\"url\":\"https:\/\/xn--cnov-bpad.com\/\",\"logo\":{\"@type\":\"ImageObject\",\"inLanguage\":\"fr-FR\",\"@id\":\"https:\/\/xn--cnov-bpad.com\/#\/schema\/logo\/image\/\",\"url\":\"http:\/\/xn--cnov-bpad.com\/wp-content\/uploads\/2021\/05\/CENOVE_LOGOS-NOIR.png\",\"contentUrl\":\"http:\/\/xn--cnov-bpad.com\/wp-content\/uploads\/2021\/05\/CENOVE_LOGOS-NOIR.png\",\"width\":170,\"height\":51,\"caption\":\"C\u00e9nov\u00e9\"},\"image\":{\"@id\":\"https:\/\/xn--cnov-bpad.com\/#\/schema\/logo\/image\/\"},\"sameAs\":[\"https:\/\/www.instagram.com\/cenove.event\"]}]}<\/script>\n<!-- \/ Yoast SEO plugin. -->","yoast_head_json":{"title":"La cr\u00e9atrice - C\u00e9nov\u00e9 - cr\u00e9ation d'\u00e9v\u00e8nements en nouvelle-aquitaine","description":"C\u00e9nov\u00e9, c'est d'abord V\u00e9ronique Delorme. 30 ann\u00e9es d'int\u00e9r\u00eat pour les arts en g\u00e9n\u00e9ral et la communication qui l'ont men\u00e9e \u00e0 cr\u00e9er sa propre entreprise.","robots":{"index":"index","follow":"follow","max-snippet":"max-snippet:-1","max-image-preview":"max-image-preview:large","max-video-preview":"max-video-preview:-1"},"canonical":"https:\/\/xn--cnov-bpad.com\/index.php\/la-creatrice\/","og_locale":"fr_FR","og_type":"article","og_title":"La cr\u00e9atrice - C\u00e9nov\u00e9 - cr\u00e9ation d'\u00e9v\u00e8nements en nouvelle-aquitaine","og_description":"C\u00e9nov\u00e9, c'est d'abord V\u00e9ronique Delorme. 30 ann\u00e9es d'int\u00e9r\u00eat pour les arts en g\u00e9n\u00e9ral et la communication qui l'ont men\u00e9e \u00e0 cr\u00e9er sa propre entreprise.","og_url":"https:\/\/xn--cnov-bpad.com\/index.php\/la-creatrice\/","og_site_name":"C\u00e9nov\u00e9","article_modified_time":"2021-07-13T13:40:31+00:00","og_image":[{"width":1708,"height":2211,"url":"https:\/\/xn--cnov-bpad.com\/wp-content\/uploads\/2021\/05\/Ve\u0301ronique-1290-NB-JPG-scaled-e1620315530796.jpg","type":"image\/jpeg"}],"twitter_card":"summary_large_image","twitter_misc":{"Dur\u00e9e de lecture estim\u00e9e":"2 minutes"},"schema":{"@context":"https:\/\/schema.org","@graph":[{"@type":["WebPage","ContactPage"],"@id":"https:\/\/xn--cnov-bpad.com\/index.php\/la-creatrice\/","url":"https:\/\/xn--cnov-bpad.com\/index.php\/la-creatrice\/","name":"La cr\u00e9atrice - C\u00e9nov\u00e9 - cr\u00e9ation d'\u00e9v\u00e8nements en nouvelle-aquitaine","isPartOf":{"@id":"https:\/\/xn--cnov-bpad.com\/#website"},"primaryImageOfPage":{"@id":"https:\/\/xn--cnov-bpad.com\/index.php\/la-creatrice\/#primaryimage"},"image":{"@id":"https:\/\/xn--cnov-bpad.com\/index.php\/la-creatrice\/#primaryimage"},"thumbnailUrl":"https:\/\/xn--cnov-bpad.com\/wp-content\/uploads\/2021\/05\/Ve\u0301ronique-1290-NB-JPG-scaled-e1620315530796.jpg","datePublished":"2021-07-13T13:35:44+00:00","dateModified":"2021-07-13T13:40:31+00:00","description":"C\u00e9nov\u00e9, c'est d'abord V\u00e9ronique Delorme. 30 ann\u00e9es d'int\u00e9r\u00eat pour les arts en g\u00e9n\u00e9ral et la communication qui l'ont men\u00e9e \u00e0 cr\u00e9er sa propre entreprise.","breadcrumb":{"@id":"https:\/\/xn--cnov-bpad.com\/index.php\/la-creatrice\/#breadcrumb"},"inLanguage":"fr-FR","potentialAction":[{"@type":"ReadAction","target":["https:\/\/xn--cnov-bpad.com\/index.php\/la-creatrice\/"]}]},{"@type":"ImageObject","inLanguage":"fr-FR","@id":"https:\/\/xn--cnov-bpad.com\/index.php\/la-creatrice\/#primaryimage","url":"https:\/\/xn--cnov-bpad.com\/wp-content\/uploads\/2021\/05\/Ve\u0301ronique-1290-NB-JPG-scaled-e1620315530796.jpg","contentUrl":"https:\/\/xn--cnov-bpad.com\/wp-content\/uploads\/2021\/05\/Ve\u0301ronique-1290-NB-JPG-scaled-e1620315530796.jpg","width":1708,"height":2211,"caption":"V\u00e9ronique Delorme"},{"@type":"BreadcrumbList","@id":"https:\/\/xn--cnov-bpad.com\/index.php\/la-creatrice\/#breadcrumb","itemListElement":[{"@type":"ListItem","position":1,"name":"Accueil","item":"https:\/\/xn--cnov-bpad.com\/"},{"@type":"ListItem","position":2,"name":"La cr\u00e9atrice"}]},{"@type":"WebSite","@id":"https:\/\/xn--cnov-bpad.com\/#website","url":"https:\/\/xn--cnov-bpad.com\/","name":"C\u00e9nov\u00e9","description":"Cr\u00e9ation d&#039;\u00e9v\u00e8nements singuliers immersifs en Nouvelle-Aquitaine","publisher":{"@id":"https:\/\/xn--cnov-bpad.com\/#organization"},"potentialAction":[{"@type":"SearchAction","target":{"@type":"EntryPoint","urlTemplate":"https:\/\/xn--cnov-bpad.com\/?s={search_term_string}"},"query-input":{"@type":"PropertyValueSpecification","valueRequired":true,"valueName":"search_term_string"}}],"inLanguage":"fr-FR"},{"@type":"Organization","@id":"https:\/\/xn--cnov-bpad.com\/#organization","name":"C\u00e9nov\u00e9","url":"https:\/\/xn--cnov-bpad.com\/","logo":{"@type":"ImageObject","inLanguage":"fr-FR","@id":"https:\/\/xn--cnov-bpad.com\/#\/schema\/logo\/image\/","url":"http:\/\/xn--cnov-bpad.com\/wp-content\/uploads\/2021\/05\/CENOVE_LOGOS-NOIR.png","contentUrl":"http:\/\/xn--cnov-bpad.com\/wp-content\/uploads\/2021\/05\/CENOVE_LOGOS-NOIR.png","width":170,"height":51,"caption":"C\u00e9nov\u00e9"},"image":{"@id":"https:\/\/xn--cnov-bpad.com\/#\/schema\/logo\/image\/"},"sameAs":["https:\/\/www.instagram.com\/cenove.event"]}]}},"_links":{"self":[{"href":"https:\/\/xn--cnov-bpad.com\/index.php\/wp-json\/wp\/v2\/pages\/375","targetHints":{"allow":["GET"]}}],"collection":[{"href":"https:\/\/xn--cnov-bpad.com\/index.php\/wp-json\/wp\/v2\/pages"}],"about":[{"href":"https:\/\/xn--cnov-bpad.com\/index.php\/wp-json\/wp\/v2\/types\/page"}],"author":[{"embeddable":true,"href":"https:\/\/xn--cnov-bpad.com\/index.php\/wp-json\/wp\/v2\/users\/2"}],"replies":[{"embeddable":true,"href":"https:\/\/xn--cnov-bpad.com\/index.php\/wp-json\/wp\/v2\/comments?post=375"}],"version-history":[{"count":2,"href":"https:\/\/xn--cnov-bpad.com\/index.php\/wp-json\/wp\/v2\/pages\/375\/revisions"}],"predecessor-version":[{"id":381,"href":"https:\/\/xn--cnov-bpad.com\/index.php\/wp-json\/wp\/v2\/pages\/375\/revisions\/381"}],"wp:featuredmedia":[{"embeddable":true,"href":"https:\/\/xn--cnov-bpad.com\/index.php\/wp-json\/wp\/v2\/media\/47"}],"wp:attachment":[{"href":"https:\/\/xn--cnov-bpad.com\/index.php\/wp-json\/wp\/v2\/media?parent=375"}],"curies":[{"name":"wp","href":"https:\/\/api.w.org\/{rel}","templated":true}]}}