{"id":24,"date":"2021-05-04T16:58:19","date_gmt":"2021-05-04T14:58:19","guid":{"rendered":"http:\/\/xn--cnov-bpad.com\/?page_id=24"},"modified":"2024-05-21T15:36:56","modified_gmt":"2024-05-21T13:36:56","slug":"mentions-legales","status":"publish","type":"page","link":"https:\/\/xn--cnov-bpad.com\/index.php\/mentions-legales\/","title":{"rendered":"Mentions l\u00e9gales"},"content":{"rendered":"\n<p><strong>Mentions l\u00e9gales<\/strong>                                                                                                                                                www.c\u00e9nov\u00e9.com<\/p>\n\n\n\n<p class=\"has-normal-font-size\"><strong>Soci\u00e9t\u00e9 \u00e9ditrice <\/strong>                                                                                                                                                               C\u00e9nov\u00e9  Siret : 326066123 0034                                                                             <\/p>\n\n\n\n<p class=\"has-normal-font-size\">cenove.event@gmail.com<\/p>\n\n\n\n<p class=\"has-normal-font-size\"><strong>Directeur de la publication<\/strong>                                                                                                                                        V\u00e9ronique Delorme<\/p>\n\n\n\n<p><strong>R\u00e9daction, composition image<\/strong>                                                                                                                                   V\u00e9ronique Delorme                                                                                                                                                               Mise en forme : Lorelei Guyot, graphiste.<\/p>\n\n\n\n<p><strong>R\u00e9alisation branding    <\/strong>                                                                                                                                                   studio7982 Paris<\/p>\n\n\n\n<p><strong>Copyright images<\/strong>                                                                                                                                                              cr\u00e9dits photos C\u00e9nov\u00e9<\/p>\n\n\n\n<p><strong>Prise photos <\/strong>                                                                                                                                                                                  Rapha\u00ef Bernus &#8211; Jean-Fran\u00e7ois Fort<\/p>\n\n\n\n<p><strong>Droits d&#8217;auteurs et de reproduction<\/strong>                                                                                                                           L&#8217;ensemble de ce site rel\u00e8ve de la l\u00e9gislation fran\u00e7aise et internationale sur le droit d&#8217;auteur et de la propri\u00e9t\u00e9 intellectuelle. Tous les droits de reproduction sont r\u00e9serv\u00e9s, y compris pour les documents t\u00e9l\u00e9chargeables, les repr\u00e9sentations iconographiques et photographiques, ainsi que les contenus r\u00e9dactionnels.<\/p>\n\n\n\n<p>La reproduction de tout ou partie de ce site sur un support \u00e9lectronique est formellement interdite.<\/p>\n\n\n\n<p><strong>Droits d&#8217;acc\u00e8s et de rectifications   <\/strong>                                                                                                                                             Formulaire de collecte d&#8217;informations :                                                                                                                                           Le formulaire de contact recueillent des informations personnelles vous concernant.                                                        Elles sont destin\u00e9es uniquement \u00e0 C\u00e9nov\u00e9, et ne sont en aucun cas fournies \u00e0 des tiers.<\/p>\n\n\n\n<p>Vous disposez d&#8217;un droit d&#8217;acc\u00e8s, de modification, et de suppression des donn\u00e9es vous concernant conform\u00e9ment \u00e0 la loi &#8220;Informatiques et Libert\u00e9s&#8221; n\u00b078-17 du 6 janvier 1978.<\/p>\n\n\n\n<p>Adressez votre demande par mail \u00e0 : cenove.event@gmail.com<\/p>\n\n\n\n<p><\/p>\n","protected":false},"excerpt":{"rendered":"<p>Mentions l\u00e9gales www.c\u00e9nov\u00e9.com Soci\u00e9t\u00e9 \u00e9ditrice C\u00e9nov\u00e9 Siret : 326066123 0034 cenove.event@gmail.com Directeur de la publication V\u00e9ronique Delorme R\u00e9daction, composition image V\u00e9ronique Delorme Mise en forme &hellip; <\/p>\n","protected":false},"author":1,"featured_media":0,"parent":0,"menu_order":0,"comment_status":"closed","ping_status":"closed","template":"","meta":{"_monsterinsights_skip_tracking":false,"_monsterinsights_sitenote_active":false,"_monsterinsights_sitenote_note":"","_monsterinsights_sitenote_category":0,"footnotes":""},"class_list":["post-24","page","type-page","status-publish","hentry"],"yoast_head":"<!-- This site is optimized with the Yoast SEO plugin v24.9 - https:\/\/yoast.com\/wordpress\/plugins\/seo\/ -->\n<title>Mentions l\u00e9gales - C\u00e9nov\u00e9<\/title>\n<meta name=\"robots\" content=\"index, follow, max-snippet:-1, max-image-preview:large, max-video-preview:-1\" \/>\n<link rel=\"canonical\" href=\"https:\/\/xn--cnov-bpad.com\/index.php\/mentions-legales\/\" \/>\n<meta property=\"og:locale\" content=\"fr_FR\" \/>\n<meta property=\"og:type\" content=\"article\" \/>\n<meta property=\"og:title\" content=\"Mentions l\u00e9gales - C\u00e9nov\u00e9\" \/>\n<meta property=\"og:description\" content=\"Mentions l\u00e9gales www.c\u00e9nov\u00e9.com Soci\u00e9t\u00e9 \u00e9ditrice C\u00e9nov\u00e9 Siret : 326066123 0034 cenove.event@gmail.com Directeur de la publication V\u00e9ronique Delorme R\u00e9daction, composition image V\u00e9ronique Delorme Mise en forme &hellip;\" \/>\n<meta property=\"og:url\" content=\"https:\/\/xn--cnov-bpad.com\/index.php\/mentions-legales\/\" \/>\n<meta property=\"og:site_name\" content=\"C\u00e9nov\u00e9\" \/>\n<meta property=\"article:modified_time\" content=\"2024-05-21T13:36:56+00:00\" \/>\n<meta name=\"twitter:card\" content=\"summary_large_image\" \/>\n<meta name=\"twitter:label1\" content=\"Dur\u00e9e de lecture estim\u00e9e\" \/>\n\t<meta name=\"twitter:data1\" content=\"1 minute\" \/>\n<script type=\"application\/ld+json\" class=\"yoast-schema-graph\">{\"@context\":\"https:\/\/schema.org\",\"@graph\":[{\"@type\":[\"WebPage\",\"ContactPage\"],\"@id\":\"https:\/\/xn--cnov-bpad.com\/index.php\/mentions-legales\/\",\"url\":\"https:\/\/xn--cnov-bpad.com\/index.php\/mentions-legales\/\",\"name\":\"Mentions l\u00e9gales - C\u00e9nov\u00e9\",\"isPartOf\":{\"@id\":\"https:\/\/xn--cnov-bpad.com\/#website\"},\"datePublished\":\"2021-05-04T14:58:19+00:00\",\"dateModified\":\"2024-05-21T13:36:56+00:00\",\"breadcrumb\":{\"@id\":\"https:\/\/xn--cnov-bpad.com\/index.php\/mentions-legales\/#breadcrumb\"},\"inLanguage\":\"fr-FR\",\"potentialAction\":[{\"@type\":\"ReadAction\",\"target\":[\"https:\/\/xn--cnov-bpad.com\/index.php\/mentions-legales\/\"]}]},{\"@type\":\"BreadcrumbList\",\"@id\":\"https:\/\/xn--cnov-bpad.com\/index.php\/mentions-legales\/#breadcrumb\",\"itemListElement\":[{\"@type\":\"ListItem\",\"position\":1,\"name\":\"Accueil\",\"item\":\"https:\/\/xn--cnov-bpad.com\/\"},{\"@type\":\"ListItem\",\"position\":2,\"name\":\"Mentions l\u00e9gales\"}]},{\"@type\":\"WebSite\",\"@id\":\"https:\/\/xn--cnov-bpad.com\/#website\",\"url\":\"https:\/\/xn--cnov-bpad.com\/\",\"name\":\"C\u00e9nov\u00e9\",\"description\":\"Cr\u00e9ation d&#039;\u00e9v\u00e8nements singuliers immersifs en Nouvelle-Aquitaine\",\"publisher\":{\"@id\":\"https:\/\/xn--cnov-bpad.com\/#organization\"},\"potentialAction\":[{\"@type\":\"SearchAction\",\"target\":{\"@type\":\"EntryPoint\",\"urlTemplate\":\"https:\/\/xn--cnov-bpad.com\/?s={search_term_string}\"},\"query-input\":{\"@type\":\"PropertyValueSpecification\",\"valueRequired\":true,\"valueName\":\"search_term_string\"}}],\"inLanguage\":\"fr-FR\"},{\"@type\":\"Organization\",\"@id\":\"https:\/\/xn--cnov-bpad.com\/#organization\",\"name\":\"C\u00e9nov\u00e9\",\"url\":\"https:\/\/xn--cnov-bpad.com\/\",\"logo\":{\"@type\":\"ImageObject\",\"inLanguage\":\"fr-FR\",\"@id\":\"https:\/\/xn--cnov-bpad.com\/#\/schema\/logo\/image\/\",\"url\":\"http:\/\/xn--cnov-bpad.com\/wp-content\/uploads\/2021\/05\/CENOVE_LOGOS-NOIR.png\",\"contentUrl\":\"http:\/\/xn--cnov-bpad.com\/wp-content\/uploads\/2021\/05\/CENOVE_LOGOS-NOIR.png\",\"width\":170,\"height\":51,\"caption\":\"C\u00e9nov\u00e9\"},\"image\":{\"@id\":\"https:\/\/xn--cnov-bpad.com\/#\/schema\/logo\/image\/\"},\"sameAs\":[\"https:\/\/www.instagram.com\/cenove.event\"]}]}<\/script>\n<!-- \/ Yoast SEO plugin. -->","yoast_head_json":{"title":"Mentions l\u00e9gales - C\u00e9nov\u00e9","robots":{"index":"index","follow":"follow","max-snippet":"max-snippet:-1","max-image-preview":"max-image-preview:large","max-video-preview":"max-video-preview:-1"},"canonical":"https:\/\/xn--cnov-bpad.com\/index.php\/mentions-legales\/","og_locale":"fr_FR","og_type":"article","og_title":"Mentions l\u00e9gales - C\u00e9nov\u00e9","og_description":"Mentions l\u00e9gales www.c\u00e9nov\u00e9.com Soci\u00e9t\u00e9 \u00e9ditrice C\u00e9nov\u00e9 Siret : 326066123 0034 cenove.event@gmail.com Directeur de la publication V\u00e9ronique Delorme R\u00e9daction, composition image V\u00e9ronique Delorme Mise en forme &hellip;","og_url":"https:\/\/xn--cnov-bpad.com\/index.php\/mentions-legales\/","og_site_name":"C\u00e9nov\u00e9","article_modified_time":"2024-05-21T13:36:56+00:00","twitter_card":"summary_large_image","twitter_misc":{"Dur\u00e9e de lecture estim\u00e9e":"1 minute"},"schema":{"@context":"https:\/\/schema.org","@graph":[{"@type":["WebPage","ContactPage"],"@id":"https:\/\/xn--cnov-bpad.com\/index.php\/mentions-legales\/","url":"https:\/\/xn--cnov-bpad.com\/index.php\/mentions-legales\/","name":"Mentions l\u00e9gales - C\u00e9nov\u00e9","isPartOf":{"@id":"https:\/\/xn--cnov-bpad.com\/#website"},"datePublished":"2021-05-04T14:58:19+00:00","dateModified":"2024-05-21T13:36:56+00:00","breadcrumb":{"@id":"https:\/\/xn--cnov-bpad.com\/index.php\/mentions-legales\/#breadcrumb"},"inLanguage":"fr-FR","potentialAction":[{"@type":"ReadAction","target":["https:\/\/xn--cnov-bpad.com\/index.php\/mentions-legales\/"]}]},{"@type":"BreadcrumbList","@id":"https:\/\/xn--cnov-bpad.com\/index.php\/mentions-legales\/#breadcrumb","itemListElement":[{"@type":"ListItem","position":1,"name":"Accueil","item":"https:\/\/xn--cnov-bpad.com\/"},{"@type":"ListItem","position":2,"name":"Mentions l\u00e9gales"}]},{"@type":"WebSite","@id":"https:\/\/xn--cnov-bpad.com\/#website","url":"https:\/\/xn--cnov-bpad.com\/","name":"C\u00e9nov\u00e9","description":"Cr\u00e9ation d&#039;\u00e9v\u00e8nements singuliers immersifs en Nouvelle-Aquitaine","publisher":{"@id":"https:\/\/xn--cnov-bpad.com\/#organization"},"potentialAction":[{"@type":"SearchAction","target":{"@type":"EntryPoint","urlTemplate":"https:\/\/xn--cnov-bpad.com\/?s={search_term_string}"},"query-input":{"@type":"PropertyValueSpecification","valueRequired":true,"valueName":"search_term_string"}}],"inLanguage":"fr-FR"},{"@type":"Organization","@id":"https:\/\/xn--cnov-bpad.com\/#organization","name":"C\u00e9nov\u00e9","url":"https:\/\/xn--cnov-bpad.com\/","logo":{"@type":"ImageObject","inLanguage":"fr-FR","@id":"https:\/\/xn--cnov-bpad.com\/#\/schema\/logo\/image\/","url":"http:\/\/xn--cnov-bpad.com\/wp-content\/uploads\/2021\/05\/CENOVE_LOGOS-NOIR.png","contentUrl":"http:\/\/xn--cnov-bpad.com\/wp-content\/uploads\/2021\/05\/CENOVE_LOGOS-NOIR.png","width":170,"height":51,"caption":"C\u00e9nov\u00e9"},"image":{"@id":"https:\/\/xn--cnov-bpad.com\/#\/schema\/logo\/image\/"},"sameAs":["https:\/\/www.instagram.com\/cenove.event"]}]}},"_links":{"self":[{"href":"https:\/\/xn--cnov-bpad.com\/index.php\/wp-json\/wp\/v2\/pages\/24","targetHints":{"allow":["GET"]}}],"collection":[{"href":"https:\/\/xn--cnov-bpad.com\/index.php\/wp-json\/wp\/v2\/pages"}],"about":[{"href":"https:\/\/xn--cnov-bpad.com\/index.php\/wp-json\/wp\/v2\/types\/page"}],"author":[{"embeddable":true,"href":"https:\/\/xn--cnov-bpad.com\/index.php\/wp-json\/wp\/v2\/users\/1"}],"replies":[{"embeddable":true,"href":"https:\/\/xn--cnov-bpad.com\/index.php\/wp-json\/wp\/v2\/comments?post=24"}],"version-history":[{"count":12,"href":"https:\/\/xn--cnov-bpad.com\/index.php\/wp-json\/wp\/v2\/pages\/24\/revisions"}],"predecessor-version":[{"id":454,"href":"https:\/\/xn--cnov-bpad.com\/index.php\/wp-json\/wp\/v2\/pages\/24\/revisions\/454"}],"wp:attachment":[{"href":"https:\/\/xn--cnov-bpad.com\/index.php\/wp-json\/wp\/v2\/media?parent=24"}],"curies":[{"name":"wp","href":"https:\/\/api.w.org\/{rel}","templated":true}]}}